= 11*a(m) + 2*w(m). Determine h(6).
3
Let i = -6 + 9. Suppose 15 = 8*k - i*k. Let q(t) = t + 8*t**k - 7 + 14 - 8. What is q(1)?
8
Let x = -4 - -6. Let m(h) be the second derivative of 2*h + 1/6*h**3 + 3*h**x + 0. Determine m(-5).
1
Let p(l) = l**3 - l + 1. Suppose -5*r + 13 + 22 = 0. Suppose 0 = -4*z - 3*c + r - 1, 4 = z + 2*c. What is p(z)?
1
Suppose 2*c + 10 = -j, -4 + 11 = -c - j. Let q be -1*2/(-6)*c. Let d(b) be the second derivative of -b**5/5 - b**4/12 - b. Calculate d(q).
3
Let d(c) = 2*c**2 - 3*c**2 + 78*c + 9 - 71*c. Give d(7).
9
Let s(h) be the third derivative of 0*h - 4*h**2 + 0 + 2/3*h**3 + 1/12*h**4. Give s(-4).
-4
Let g(d) = -4*d - 1. Suppose -3*w + 2 = -3*b - 1, -11 = 4*w - b. Determine g(w).
15
Let i(z) = z**3 + z**2 + z + 3. Let t(f) = -f**3 - 10*f**2 - 10*f - 12. Let d be t(-9). Calculate i(d).
-18
Suppose -j = -6*j + 45. Let s = j - 13. Let k = -3 - s. Let m(z) = 5*z - 1. What is m(k)?
4
Suppose 6*f - 18 = -0*f. Let l(n) be the third derivative of 0 + 0*n + 1/60*n**5 + 1/8*n**4 + 1/3*n**f + 3*n**2. Give l(-3).
2
Let y(v) = v**3 - 5*v**2 - v - 2. Let g = -48 + 53. Determine y(g).
-7
Let f(j) = j**3 - j**2 + 3. Let p(a) = a + 11. Let x be p(-11). What is f(x)?
3
Let k(u) = 6*u**2 - u**2 + 9*u + 602*u**3 - 603*u**3 - 2. What is k(6)?
16
Let s(c) = c**3 - 7*c**2 - 7*c - 3. Suppose -7*n + n + 48 = 0. What is s(n)?
5
Let c be (12/(-7))/((-6)/21). Let a(h) = -3*h - 2. Calculate a(c).
-20
Let x(p) = p**3 - 5*p**2 - 5. Let k(l) = -l**2 + 9*l - 9. Let j be k(7). Suppose -o = -2*o + j. Give x(o).
-5
Let z(f) = 8*f + 2*f + f**2 + 5 - 4*f. Let t(x) = x**2 - 9*x + 1. Let g be t(9). Suppose -y - 4 - g = 0. Give z(y).
0
Let h(o) = o**3 + 3*o**2 - 3*o - 4. Let c be h(-2). Let d(t) = t**3 - 5*t**2 - 6*t + 8. Calculate d(c).
8
Let l(y) = y**3 - y**2. Let q be l(2). Let u be (-90)/24 + (-1)/q. Let g(b) = -b + 2. Determine g(u).
6
Let x(q) be the first derivative of -q**3/6 + q**2/2 + q - 3. Let b(p) be the first derivative of x(p). What is b(3)?
-2
Let u(p) = p**3 - 8*p**2 + 7*p + 5. Let i(r) = -r**3 + 9*r**2 - 8*r - 4. Let z(s) = 2*i(s) + 3*u(s). Let c = -97 - -102. Calculate z(c).
7
Suppose 12*x = 5*x - 28. Let n(b) be the first derivative of -b**3/3 - 3*b**2 - 6*b + 1. Determine n(x).
2
Suppose a = -3*k + 6, k + 12 = -4*a + 6*a. Let y(p) = -p**2 + 5*p + 6. Calculate y(a).
0
Let l(o) = o**3 - 5*o**2 + o + 2. Let t = 22 - 31. Let c be 0/((-6)/t*3). Let s = c - -4. Determine l(s).
-10
Suppose 0 = -5*y + 4*y. Let f(x) = -x. Let n(i) = 2*i - 4. Let d(a) = -3*f(a) - n(a). What is d(y)?
4
Let x(r) be the third derivative of -r**9/60480 + r**8/2880 - r**7/720 - r**6/720 - r**5/20 - 5*r**2. Let z(f) be the third derivative of x(f). What is z(6)?
-7
Suppose 2*p = 3*x - 3*p - 8, 12 = -2*x - p. Let g(j) = -3*j - 3. Give g(x).
9
Let o(t) = -t**3 - 6*t**2 - 5*t. Let h be o(-5). Suppose r = -h - 2. Let q(f) be the third derivative of -f**5/60 - f**4/24 + f**3/3 + 8*f**2. Calculate q(r).
0
Let h(x) = -x**3 + 4*x**2 + 3*x + 2. Suppose 5*k - 13 = 4*v, 6*k + 4*v = 2*k + 32. Give h(k).
-8
Let u = 1 - -4. Let p(r) = -2*r + 7. Give p(u).
-3
Let f(l) be the second derivative of -3*l**4/4 + l**3/6 + l. Let u = -14 - -15. Let g(j) = j. Let p be g(u). Determine f(p).
-8
Let u be (-4)/6*(-3 - 0). Let b be (2/(-4))/((-1)/u). Suppose 3*v + 3*p = 3, -p + b = -v - 3*v. Let a(r) = r - 8. Calculate a(v).
-8
Let c(l) = -l**3 + 5*l**2 - 5*l + 3. Let a(v) = v**3 + 3*v**2 - v - 2. Let n be a(-3). Let x(y) = 3*y**2 + 2*y - 1. Let q be x(n). Determine c(q).
-1
Let s(f) = -3*f - 2. Let y(x) = -3*x - 2. Let o be y(-4). Suppose 0*a = 5*a - o. Suppose 0 = 3*l + a*l + 15. Determine s(l).
7
Let d(k) be the second derivative of k**4/12 - k**3/6 + 49*k. Let m(x) = x**2 - 4*x + 3. Let t be m(3). What is d(t)?
0
Let w(q) = -q + 7. Let d(m) = -m - 1. Let g(o) = -2*d(o) + w(o). Let x(h) = -h**2 + h + 2. Let v be x(2). What is g(v)?
9
Let u = 10 - 5. Let w(t) = 6*t + 11 - u - 7. Determine w(1).
5
Let h(o) be the second derivative of -o**4/12 - 5*o**3/6 + o**2 - o. Let a = -6 - -3. Give h(a).
8
Let x be (-3)/(-6) + 11/(-2). Let m(c) = 4*c**2 + 9*c - 3. Let r(p) = 9*p + 5*p**2 - 4*p**2 - 8*p. Let d(y) = -m(y) + 3*r(y). Calculate d(x).
8
Let c(v) = 2*v**2 + 10*v - 4. Let i(y) = y**2 + 5*y - 2. Let g(m) = 4*c(m) - 7*i(m). Let f(n) be the first derivative of g(n). Calculate f(-4).
-3
Let r(t) = -2*t**2 + 3*t**2 + 0*t**2 - t**3 - 6*t - 7*t**2 - 5. What is r(-5)?
0
Suppose -m = -4 - 0. Let g(r) = 3*r - 4. Give g(m).
8
Let j(a) = a**2 + 3*a - 6. Let o be j(-5). Let q(s) = 0*s - o + s + 7. Suppose -5*n = -7 + 22. What is q(n)?
0
Let z(n) = 10*n - 5*n**3 - 5*n + 3 - 1 + 2*n**2. Let g(h) = -4*h**3 + h**2 + 4*h + 2. Let d(q) = -6*g(q) + 5*z(q). Suppose 5*u - 20 = -0. Determine d(u).
2
Suppose -s + 12 = -3*s. Let c(a) = -8*a + 9. Let i(j) = 7*j - 8. Let z(g) = s*c(g) - 7*i(g). Let t = 16 + -13. Calculate z(t).
-1
Suppose -t + 0 + 3 = 0. Let k(m) = t*m + 3 + 3*m**2 - 5*m**2 + m**2. Give k(5).
-7
Let p(w) = -w**2 + 5*w - 5. Let t(m) = m**2 - 5*m + 5. Let f(g) = -4*p(g) - 3*t(g). Determine f(5).
5
Let k(d) = d**3 + 7*d**2 + 4*d - 11. Let h be k(-6). Let m(s) = -6*s**2 - 2*s + 1. Calculate m(h).
-7
Suppose 3*t = -2*t. Suppose t*a + 2 = 2*a. Suppose 0*o + a = -o, d - 2 = -2*o. Let z(n) = -n + 4. Calculate z(d).
0
Let g = -5 + 5. Suppose g*y + 15 = -3*y, 2*d + 8 = -4*y. Let f(p) = p - 6. Give f(d).
0
Let g = -4 - -2. Let k be 14/(4 - (3 - 1)). Let s(v) = 3*v**3 - 9*v**3 - 2*v + k*v**3 - 3. Give s(g).
-7
Suppose 5 = -i + 5*q, -2*i + 5*q = -5*i + 5. Let t = i + 0. Let c(r) = 7 - r - 3*r**3 + 4*r**3 + 2*r. Calculate c(t).
7
Suppose -20 = -4*i + 4*z, 2*z + z + 19 = 5*i. Suppose -k + 5*r - 6 = 0, -i - 8 = -3*k + r. Let s = 0 + k. Let l(p) = -3*p + 5. Calculate l(s).
-7
Let t(d) = -d**2. Let h(c) = -c**3 + 6*c**2 - c + 3. Let u be (-6)/(-4)*10/1. Suppose 0 = -j + 6*j - u. Let g(n) = j*t(n) + h(n). Give g(3).
0
Let n(h) = 14*h**2 - 2 + 3 + 0. Determine n(1).
15
Let y(k) = k + 3. Let m be 14/(-8) + (-1)/4. Let j be 7/(-4) - m/(-8). Let p be (0 - -1)/(j/10). Determine y(p).
-2
Suppose 4*z - 2 = -10. Let q(x) = -x + 7. Let d be q(6). Let v(l) = 3 - d - 3*l + 2*l. Determine v(z).
4
Let x be 1/1 + 2 + 1. Let q(g) = g**3 - 5*g**2 + 5*g - 5. Calculate q(x).
-1
Let c(s) = -s**2 - 5*s - 7. Let u be c(-5). Let r(t) = t**3 + 6*t**2 - 8*t + 7. Calculate r(u).
14
Let v(y) = -5*y - 1 + 11*y - 6*y + y. Calculate v(-1).
-2
Suppose -3*b = -4*i - 6, 0 = -4*b + i - 3*i - 14. Let m(u) = -u**3 + 3*u**2 + 3*u - 3. Let n(r) = r**2 + r. Let g(l) = -m(l) + 6*n(l). Determine g(b).
1
Let h(m) = -4*m**3 + 2*m**2 + 3*m**3 + m**2 + 3*m - 1. Suppose -5*v = u - 29, -4*u - 2*v = -29 + 3. Give h(u).
-5
Let y(a) = -a**2 - 6*a + 10. Let r be y(-7). Let m(g) = g + 5*g**3 - 2*g**2 + g**2 - 4*g**r + 0 - 1. Give m(1).
0
Let u(v) = -v**3 + 6*v**2 + 5*v - 7. Suppose -2*k + 9 = p - 9, -k + p = -3. Determine u(k).
-21
Suppose 23 - 8 = 3*w. Let g(n) = 19*n**3 + 3*n - 13*n**3 - 6*n**2 + 7 - 5*n**3. Give g(w).
-3
Let j be 0/((5 + -4)/(2/(-6))). Let k(d) = -d**3 + d**2 - d + 7. Give k(j).
7
Suppose 3*u - 12 = -4*i + i, -4*i + 2*u = -22. Suppose -4*m = 11 + 5, -i*z + m = 1. Let x be (-5)/(-3)*(z - 2). Let k(o) = -o - 1. What is k(x)?
4
Let t(l) be the second derivative of -l**5/20 - 2*l**4/3 + 7*l**2/2 + 10*l. Determine t(-8).
7
Suppose 34 - 10 = -3*t. Let h(o) be the third derivative of o**5/60 + 3*o**4/8 + 3*o**3/2 + o**2. Let z be h(t). Let q(g) = -5*g. Calculate q(z).
-5
Let o(k) = k**3 - k**2 - k + 1. Let z = -13 - -11. Determine o(z).
-9
Let a(v) = v**3 + 6*v**2 - 8*v - 6. Let o be a(-7). Let i(l) = 6*l + 1. What is i(o)?
7
Let m(i) be the first derivative of -i**2/2 + i + 45. Let j = 7 + -12. Determine m(j).
6
Let o be -1 - (8 + -1 + 1). Let h(t) = t**3 + 9*t**2 + 2*t + 1. Determine h(o).
-17
Let v(g) = g**2 - 5*g - 1. Let k = -5 + 8. Let r(z) = -z + 1. Let c be r(0). Let f = c + k. Give v(f).
-5
Let u(d) = -d**2 + 26*d - 19*d - 1 - 1 + 0*d**2. Suppose -21 = -3*k + 5*v, 3*v + 5 = -4. Suppose 0 = 4*r + k*b - 10, 0 = -r - 3*r - 3*b + 5. What is u(r)?
8
Let a(m) = 3*m**2. Let j be a(-1). Let s(l) be the first derivative of 1/2*l**2 - 1/3*l**j + 2 - 4*l. What is s(0)?
-4
Let w(o) = -5*o**2 - 7*o. Let p(c) = 3*c**2 + 3*c. Let s(a) = -9*p(a) - 4*w(a). What i